e units digit of (u/(-36)*-3)/(5/2260)?
3
Let r = 292 + 1291. What is the thousands digit of r?
1
Let d(p) = -p**2 + 3*p - 3. Let t = 33 + -36. Let b be d(t). Let i = 14 - b. What is the units digit of i?
5
Let i = 52 + -42. Let d = i + -4. What is the units digit of d?
6
Let b(c) = -c**2 - 7*c - 1. Let p be b(-5). Let y(g) = -g**3 + 2*g + 1. Let j be y(-3). Suppose p = k - j. What is the tens digit of k?
3
Let f(o) = -o**2 - 5*o + 54. Let n be f(-10). Suppose n*p - 3*s = 95, -16 = 4*p + 4*s - 104. What is the units digit of p?
3
Suppose 2*r - q = 3*r - 2, 2*q = 8. Let y(a) = -65*a**2 - 5*a - 6. Let o be y(-3). What is the units digit of r/7 + o/(-56)?
0
Let y = 4 - -17. Let z = y + -16. Suppose 11 = 4*j + z*l, 0*j + j + 6 = -3*l. What is the units digit of j?
9
Suppose -163*a = -177*a + 5460. What is the units digit of a?
0
Let f = -164 + 265. What is the tens digit of f?
0
Let n(r) = -r**3 - 12*r**2 + 5*r + 13. Suppose -3*l + 5*l + 26 = 0. What is the hundreds digit of n(l)?
1
Let p(k) = 8*k + 6. Let s be p(5). Let r(t) = -3*t**2 + 3*t - 4. Let j be r(3). Let q = j + s. What is the units digit of q?
4
Let j = -3750 - -6506. What is the units digit of j?
6
Suppose 2558 = 8*t - 2570. What is the tens digit of t?
4
Let w be 232/14 + 68/(-119). What is the units digit of (-4)/w*4 - (-99 + 0)?
8
What is the units digit of ((-4)/(-3))/(-1 - 23422/(-23394))?
4
What is the tens digit of 2463 - -42 - (-11 - 0)?
1
Let u(p) = 2*p**3 - 25*p**2 - 19*p + 45. What is the units digit of u(14)?
7
Let t(m) = m**3 - 10*m**2 + 20*m - 2. What is the tens digit of t(8)?
3
Suppose 0 = -w + 5*b + 22 - 5, -2*b = -5*w + 16. Suppose 0 = -4*r + 6*x - w*x + 108, -2*r = x - 63. What is the units digit of r?
0
Let c(y) = y**3 + 2*y**2 + 2. Let l be c(-2). Suppose 9 = r - 2*a - a, -l*a + 4 = -4*r. What is the units digit of ((-2)/r)/((-2)/(-87))?
9
Let v = -13 - -9. Let w = 11 + v. What is the units digit of w?
7
Suppose -27*c + 29*c = -24. Let l = 16 + c. What is the units digit of l?
4
Suppose 2*i - 9 + 1 = 0. Let u be i/(-18) + (-8)/(-36). Suppose -6*j + 90 = -u*j. What is the units digit of j?
5
Let l = -10 - -10. Suppose -w + 68 + 73 = -5*p, l = -2*w - 8. Let d = p - -58. What is the units digit of d?
9
Suppose -g + 3*l + 459 = 0, -10*l = 2*g - 11*l - 913. What is the units digit of g?
6
Suppose -8*o + 7*o - 1 = 0. Let u be -1 - o - (-23 - -19). Suppose -69 = -s - r - r, u*s - 263 = 5*r. What is the units digit of s?
7
Suppose 16*d - 8*d = 8000. What is the tens digit of d?
0
Let p(r) = -2*r**3 + 43*r**2 - 46*r - 19. What is the hundreds digit of p(20)?
2
Let a = -7 - -24. Let w = -196 - -198. Let q = w + a. What is the units digit of q?
9
Let f = 20 - 9. Let v(a) = -a**2 - 8*a + 8. Let p be v(-7). Let i = p - f. What is the units digit of i?
4
Let t be 6/4 + 7/2. Suppose -3*n - 61 = -t*p, -20 = -2*p + 3*n - 4*n. Suppose -o + 18 = p. What is the units digit of o?
7
Suppose 0 = w - 50 + 2. Let r = -8 + 5. What is the tens digit of (r - 7/(-2))*w?
2
Suppose -601 = -c - m, 4*c - 1130 = -5*m + 1279. What is the tens digit of c?
9
Suppose -2*n = u + n - 383, 2*u - 3*n - 793 = 0. What is the units digit of u?
2
Suppose 0 = 22*c + 9 + 123. Suppose -15 = -5*j, 27 = 2*r - r + 4*j. What is the units digit of (-4)/c - (-290)/r?
0
Suppose -b = b. Let z be 5*(8 + b + 2). Suppose -3*a + 69 = t, -3*t - z = -5*a + 79. What is the tens digit of a?
2
Suppose 0 = 5*b - 2*p + 5*p - 200, -3*b - 2*p = -121. Suppose 42*d - 895 = b*d. What is the tens digit of d?
7
Let y = -137 - -164. What is the units digit of y?
7
Let j(k) be the third derivative of 0 + 1/15*k**5 + 2/3*k**3 + 0*k - 5/24*k**4 + 4*k**2. What is the units digit of j(3)?
5
Suppose 0 = -4*u - 4*w + 4924, 24*w + 1255 = u + 19*w. What is the thousands digit of u?
1
Let y(j) = 3 - 2 + 2*j**2 + 3*j - 3*j**2 + 2*j**2. Let i be y(-3). Let b = 40 + i. What is the units digit of b?
1
Suppose 3*j = 3*w + 1191, -w = j - 5*j + 1573. What is the units digit of j?
2
Suppose 10*h - 5*h = 25. Suppose 0 = -3*z - 4*g + 184, -h*z + 3*g + 254 = -101. What is the units digit of z?
8
Let s be 2/5 + (-56)/(-35). Suppose 65 - 231 = -s*o. What is the tens digit of o?
8
Suppose 3*w - 6 + 3 = 0, s - 215 = w. Suppose 0*p + 4*p = s. What is the tens digit of p?
5
Let t(a) = 4*a**3 + 13*a - 6. What is the hundreds digit of t(7)?
4
Let v(h) = 6*h**2 + 4. What is the tens digit of v(7)?
9
Suppose r + 44 = -111. Let p = r + 236. What is the units digit of p?
1
Let q be (-1)/((-6880)/1375 + 5). Suppose 18*m - q = 13*m. What is the units digit of m?
5
Let j(b) = -b**2 + 54*b + 1099. What is the units digit of j(0)?
9
Let p(w) = -3*w - 17. Let g(t) = -t. Let r(s) = 4*g(s) + p(s). What is the units digit of r(-7)?
2
What is the tens digit of 2*2/8 + (-22897)/(-14)?
3
Let m(w) be the third derivative of w**4/8 + w**3/3 + 17*w**2. What is the units digit of m(1)?
5
Let t(u) = u**2 + 5*u + 2. Let b be t(-4). Let h be -1*(-11 - b)/3. Suppose -h*k + 10 = -17. What is the units digit of k?
9
What is the tens digit of ((-25319)/42 + -6)*-6?
5
Let m(v) = -19*v**3 - v**2 - 19*v - 8. What is the units digit of m(-4)?
8
Let t(j) = 733*j**2 + 20*j + 36. What is the tens digit of t(-2)?
2
Let z(l) = -l**3 + 5*l**2 + 8*l - 7. Let k be z(6). Suppose k*h - 192 = 78. What is the tens digit of h?
5
Let x(p) = -59*p**2 - 5 - p + 5 - 2. Let i be x(-1). What is the units digit of (3 - 1)/((-8)/i)?
5
Suppose 2*x - 3*u + 8 = 36, -2*x = 4*u. Let i = x + -7. What is the units digit of 2/(8/84*i)?
1
Let h be (-3 - 0)/((-63)/(-1050)). Let l = 31 - h. What is the tens digit of l?
8
Suppose -5*i - 4*x - 31 = 0, 4*x + 0*x = -16. Let j = i + 9. What is the units digit of j?
6
Let o(t) = t**2 + 4*t - 2. Let d be o(-5). Let x(j) be the first derivative of j**3 - 2*j**2 + 4*j - 2. What is the tens digit of x(d)?
1
Let m(z) = z**2 + 4*z - 5. Let p be m(-7). Suppose -3*d = d - p. Suppose -d*n + 5 = -3. What is the units digit of n?
2
Suppose -4*y = -4*u + 9 + 7, y - 2 = 0. Suppose u*f - f = 10. What is the tens digit of (-57)/f*2/(-3)?
1
Let q = -42 - -45. Suppose -q*l - 35 + 94 = -4*r, -4*r - 8 = 0. What is the units digit of l?
7
Let v(k) be the second derivative of -7*k + 1/20*k**5 + 0 + 1/3*k**3 + 2/3*k**4 - 3*k**2. What is the tens digit of v(-7)?
2
Let c(k) = k**3 - 7*k**2 + 7*k - 2. Let d be c(6). Suppose -z + d*z + 12 = 4*p, 0 = 5*p - z - 15. What is the units digit of p?
3
Suppose 0 = -2*p + 13 + 1. Let g(m) = 11*m - 30. What is the tens digit of g(p)?
4
Let g = -5 + 4. Let w(n) = 21*n**3 + 1. Let u be w(g). What is the units digit of (230/u)/(1/(-4))?
6
Let n(a) = a**2 - a + 3. Let q be n(0). Let r(f) = 3 + 4*f + 2 - q - 4. What is the units digit of r(6)?
2
Suppose -4*w - 84 = 8. Let a = w + 50. What is the tens digit of a?
2
What is the units digit of (((-2)/4)/1)/(8/(-2128))?
3
Suppose 5*b = -178 - 192. Suppose -17*o - 876 = 1368. Let i = b - o. What is the tens digit of i?
5
What is the thousands digit of 21/(-42)*-23*102?
1
Let g be -3 - -1*(4 + 4). Suppose -4*v + 83 = 5*i, 25 = -2*i + 3*i + g*v. Let p = i - 11. What is the units digit of p?
4
Let r = 5894 - 3533. What is the hundreds digit of r?
3
Let v(o) = -o**2 + 6*o + 2. Let c be v(6). Suppose i = -c*i + 6. Suppose 0 = u + i, p - 3*u - 6 = -2*u. What is the units digit of p?
4
Suppose -z + 51 = 3*x, -19 - 23 = -3*x + 2*z. Suppose 0*o = -5*u + 5*o + 65, 65 = 5*u + 3*o. Let c = x + u. What is the tens digit of c?
2
Suppose -6*l - 5*g + 10111 = 0, 5*l - 2*g - 8390 = g. What is the hundreds digit of l?
6
Let w(n) = n**3 + n + 31. Suppose o + k + 1 = -2, -3*o + k = -7. Let y be (6 - 6)/(o + 0). What is the units digit of w(y)?
1
Suppose -2*k - 2*v = -62, -3*k + 2*v + v = -69. Suppose 3 = d - 2*x, -3*d - x + k = 4. What is the units digit of d?
7
Suppose 5*l + 8 = 7*l, -2*t - 3*l = -448. What is the tens digit of t?
1
Let m(c) = -c**3 - 45*c**2 - 108*c - 35. What is the tens digit of m(-44)?
8
Suppose 113*c - 108*c - 4795 = -5*m, 3*c - 3*m = 2901. What is the units digit of c?
3
Let j be ((-3)/2)/((-66)/9680). Suppose 6*b - j = 5*b. What is the hundreds digit of b?
2
Suppose -384 = -0*t - 8*t. Suppose -d - y + 3*y = -36, -d + t = 2*y. What is the tens digit of d?
4
Let j(r) = r**2 + 605. What is the units digit of j(0)?
5
Suppos